nd 513.
27
Let u be 26/4 - (4 - (-35)/(-10)). Let l be 88/u - 4/(-12). Suppose -6*q - l = -93. Calculate the greatest common divisor of 65 and q.
13
Suppose -5*p + 2*r = -130, 3*p = -88*r + 92*r + 92. Calculate the highest common divisor of p and 162.
6
Let k = -5248 + 9244. Calculate the greatest common divisor of 135 and k.
27
Suppose 1165*d + 1520 = 1184*d. Calculate the highest common divisor of 28 and d.
4
Let u be (-476)/1*2/(-8)*-2. Let n = u - -404. Let s = -82 + n. Calculate the highest common divisor of 21 and s.
21
Let c(b) = 4*b - 178. Let g be c(51). Calculate the highest common factor of 14560 and g.
26
Let n be (-1768)/(-12) - ((-140)/(-30))/(-7). Calculate the greatest common factor of 5069 and n.
37
Suppose 2160 = 77*k - 74*k. Suppose 47*u - 11*u = k. Let c(j) = 4*j**2 + 2*j + 8. Let y be c(-6). Calculate the highest common factor of u and y.
20
Let o be (-215)/160*-104 - 2/(-8). Calculate the highest common divisor of 1505 and o.
35
Suppose 21*d - 8*w + 3*w = 6547, 4*d - 2*w = 1246. Calculate the greatest common divisor of 3328 and d.
104
Let m = 4 - -14. Let g = -271 + 281. Let s = g + 188. Calculate the greatest common factor of s and m.
18
Suppose 16 + 64 = 2*a. Let n be 108/45*10/3. Calculate the highest common factor of n and a.
8
Let l = 19479 - 18709. Calculate the highest common divisor of 1771 and l.
77
Let z = -83 - -128. Let g be (-1)/(3/(-44)) + (-80)/48. Suppose 0 = -3*k, -90 = -5*h - g*k + 10*k. What is the greatest common divisor of z and h?
9
Let m(x) = -x**2 - 22*x - 101. Let z be m(-7). Suppose 0 = 3*l + 4*s - 348, -3*l = -z*s + 7*s - 345. What is the greatest common factor of 14 and l?
14
Let v be (-19)/(114/(-36)) + (24 - 25). Calculate the highest common factor of v and 22830.
5
Suppose 0 = -4*a + 16, -3*r = -2*a - 48 - 52. Let h(p) = 2*p**3 - 34*p**2 - 23*p + 45. Let w be h(18). What is the highest common divisor of w and r?
9
Let i = -362 + 266. Let r = i + 98. Let x be 6 - (-4)/(3 - 1). Calculate the greatest common factor of x and r.
2
Let n = -294 - -411. Let a = n - 61. Let s be 3616/224 - ((-18)/(-28) + (-12)/24). Calculate the highest common factor of s and a.
8
Let l be (-2 + 1)/(3498/(-184) - -19). What is the greatest common divisor of l and 31832?
92
Suppose 0 = -5*m - 4*q + 70, -5*q = 2*m - 8 - 20. Let v be (-4*2/(-24))/(62/7812). Calculate the highest common factor of v and m.
14
Suppose 0 = y + 3*v - 6 - 30, -2*y = -4*v - 102. Let j = y - 38. Suppose 4*o = -3*c + j, -o - c = 3*c + 8. Calculate the highest common divisor of 2 and o.
2
Suppose d = 2 + 44. Let q = 363 - 282. Let x = q - d. Calculate the greatest common divisor of 280 and x.
35
Suppose -247*x - 5507 + 21132 = -25624. What is the greatest common factor of x and 25217?
167
Suppose 0 = 357*j - 367*j + 18340. Calculate the greatest common factor of j and 266.
14
Suppose -4*y - 1966 + 166 = 0. Let t = y + 452. Calculate the greatest common factor of t and 54.
2
Let t = -22891 + 22900. Calculate the highest common divisor of 12249 and t.
9
Let p be (0 + 17 + 2)*(-3 + 22). Suppose 0 = 23*w - 53 - p. Calculate the greatest common factor of 468 and w.
18
Let c(t) = -t**2 + 10*t - 10. Let u be c(7). Suppose -d + u = 3. Suppose 160 = d*k - 4*k. Calculate the highest common factor of k and 20.
20
Let r(x) = -x**2 + 13*x + 87. Let h be r(17). Suppose h*b + 40 = 20*b. What is the highest common divisor of b and 2?
2
Let r(i) = -2*i**2 - 28*i - 32. Let k be r(-11). Suppose 134*y = 136*y + x - 475, 0 = 5*y - 4*x - 1194. Calculate the greatest common factor of k and y.
34
Suppose 3*s = 4*w - 8, -2*s - w + 1 = -3*s. Suppose 7*z + 208 = 8*z - s*b, -z + 208 = -2*b. What is the highest common factor of 16 and z?
16
Let t be (1 - (-22 - -11))*(32/6 - -2). What is the highest common divisor of 132 and t?
44
Let q(p) = 25*p**3 - 9*p**2 - 9*p + 54. Let c be q(7). What is the highest common divisor of 500 and c?
125
Let k = 18 - 9. Let h(l) = -6*l - 208. Let y be h(-35). Suppose -d - y*n + 5 = 2*n, 2*n = -2. What is the greatest common divisor of k and d?
9
Suppose -68*r - 45*r = -74*r - 55224. What is the highest common divisor of 48 and r?
24
Suppose j = -5*j - j. Suppose -3*q - p + 413 = j, 3*p + 2*p = 10. Let u = q + -90. Calculate the greatest common factor of 47 and u.
47
Suppose 3*c + 4*a = -2*c + 260, -c = -a - 52. Let h(k) = -k**2 - 79*k - 1320. Let v be h(-50). Calculate the highest common divisor of v and c.
26
Let o(b) = -17*b - 663. Let u be o(-46). What is the highest common divisor of u and 280?
7
Suppose 2*g + 0*k = -2*k + 4, -4*k + 4 = 2*g. Suppose -24 - 4 = -g*u. Let y(p) = -p + 22. Let l be y(8). What is the highest common factor of l and u?
14
Let b be (56/10)/(((-128)/1860)/16). Let d = 1307 + b. Let k(l) = 28*l - 1. Let g be k(2). What is the highest common factor of d and g?
5
Let d = 27 + -16. Suppose -18*q + 225 - 9 = 0. Suppose 0 = 5*b + 9*p - q*p - 376, 5*p = 15. What is the highest common factor of b and d?
11
Suppose 121 - 237 - 454 = -15*t. Let n = -372 - -524. What is the highest common factor of t and n?
38
Let y(m) be the second derivative of -3*m**5/20 + 5*m**4/3 - 5*m**3/6 + 3*m**2 - 31*m - 2. Let s be y(6). What is the greatest common divisor of s and 80?
16
Suppose -2 = 17*i + 134. Let p be (-30)/(-4)*((-196)/(-21) + i). What is the greatest common factor of p and 80?
10
Let m(f) = -5*f + 3*f - 5 - 4*f + 11*f**2 + f. Let u be m(-4). Let h = 335 - u. What is the greatest common factor of 16 and h?
16
Let c = -14 - -50. Let q be 4 + 0 + 0 + 0. Let m be 18/q*32/6. Calculate the highest common divisor of c and m.
12
Let t(u) be the second derivative of -8*u + 0*u**3 - 11/12*u**4 + 2 - 1/20*u**5 + 12*u**2. Let y be t(-11). Calculate the greatest common factor of 6 and y.
6
Let t be (-197)/4*(-1036)/37. What is the highest common divisor of 7 and t?
7
Let v(n) = -n**3 - 5*n**2 + 16*n + 16. Let z(y) = -y**2 + 8*y + 25. Let i be z(11). Let r be v(i). Calculate the highest common factor of r and 40.
40
Suppose 2413*s + 184 = 2436*s. Suppose -3*d + 55 = 2*d + 5*r, -15 = 3*r. What is the greatest common factor of s and d?
8
Suppose -47*j - 7154 = -123*j + 1130. What is the highest common divisor of 29321 and j?
109
Let f be (-2)/(-12)*-9*(-672)/9. Let y(k) = 2*k + 4. Let b be y(8). Suppose p = -6 + b. What is the greatest common divisor of p and f?
14
Suppose 13*j - 5822 - 535 = 0. Let i = -429 + j. What is the greatest common factor of i and 192?
12
Suppose 100*t + 9*t = -0*t + 26814. Calculate the greatest common divisor of 3034 and t.
82
Let d = -6603 - -6627. Calculate the greatest common divisor of 93 and d.
3
Let o(f) = -3*f + 189. Suppose 2 - 12 = -t - 2*b, -3*b + 15 = 3*t. Let s be o(t). Let p = -7 - -28. What is the highest common factor of p and s?
21
Suppose 81*p + 45 = 76*p, -72 = -3*f + 4*p. What is the greatest common divisor of 11808 and f?
12
Let s(l) = l**2 + 23*l + 99. Let d be s(-20). Suppose -2*u + 4*u = v + 43, -4*v = -u + d. Calculate the greatest common divisor of 19 and u.
19
Let k(v) = -4*v + 259. Let o be k(-2). What is the greatest common divisor of 9 and o?
3
Let y be 64/10 + 12/(-30). Suppose 147*g - 72 = 144*g. Suppose -58*z + 54*z = -g. What is the greatest common factor of z and y?
6
Let h be (8/1)/((-35)/(-15) - 3). Let o be 51*h*4/(-16). What is the highest common factor of 85 and o?
17
Let q(u) = u**3 - 42*u**2 + 108*u - 1118. Let t be q(40). Calculate the highest common factor of t and 1831.
1
Suppose -2*p + 3*l + 37 = 0, 5*p - 27 = -5*l + 3. What is the greatest common divisor of p and 3520?
11
Suppose -46*i + 39973 = 14*i - 23687. Calculate the highest common divisor of i and 1.
1
Let z be (3 + (-92)/8)*-2. Let r = z - -33. Let c = 502 - 477. What is the highest common divisor of r and c?
25
Let t(d) = -3*d**2 + 5*d + 3. Let g be t(1). Suppose -5 = g*x, 0 = -2*c + 12*x - 8*x + 310. Calculate the highest common divisor of c and 119.
17
Suppose 2*m - 55 = -3*k, 0 = 16*k - 12*k - 3*m - 45. Suppose 680 = 2*r + k*r. What is the highest common divisor of 440 and r?
40
Let i = 4 + 1. Let v be (12/(-15))/(i + 1135/(-225)). What is the greatest common divisor of v and 144?
18
Let d = 1178 - 723. Let n = -400 + d. What is the highest common factor of 154 and n?
11
Let f be 4977/42*-1*(-1 - (-122